late the remainder when 352728 is divided by 1212.
36
What is the remainder when 260435693 is divided by 86811893?
14
Calculate the remainder when 1939185 is divided by 2455.
2190
Calculate the remainder when 7118214 is divided by 711820.
14
Calculate the remainder when 298892 is divided by 99623.
23
Calculate the remainder when 1518045 is divided by 31.
6
What is the remainder when 777298 is divided by 11430?
58
What is the remainder when 72535 is divided by 615?
580
What is the remainder when 98626339 is divided by 67?
61
What is the remainder when 4395603 is divided by 49950?
3
Calculate the remainder when 11197696 is divided by 5598844.
8
What is the remainder when 96479251 is divided by 1081?
1
Calculate the remainder when 330243 is divided by 230.
193
What is the remainder when 402367 is divided by 137?
135
Calculate the remainder when 778953 is divided by 4036.
5
What is the remainder when 756666 is divided by 1712?
1674
Calculate the remainder when 1562557 is divided by 520852.
1
What is the remainder when 252316 is divided by 92?
52
Calculate the remainder when 218906 is divided by 222.
14
Calculate the remainder when 1069548 is divided by 11252.
608
What is the remainder when 3099829 is divided by 19?
17
What is the remainder when 1065524 is divided by 355091?
251
What is the remainder when 2638600 is divided by 704?
8
What is the remainder when 187579 is divided by 1078?
7
Calculate the remainder when 30449429 is divided by 6089885.
4
What is the remainder when 1836687 is divided by 70641?
21
What is the remainder when 2233838 is divided by 20?
18
Calculate the remainder when 375135 is divided by 93780.
15
Calculate the remainder when 101335 is divided by 8.
7
Calculate the remainder when 364178351 is divided by 2924.
2923
Calculate the remainder when 1040738 is divided by 520361.
16
What is the remainder when 361501 is divided by 745?
176
What is the remainder when 154189303 is divided by 13?
8
What is the remainder when 7863236 is divided by 2621004?
224
What is the remainder when 157973 is divided by 579?
485
What is the remainder when 19040908 is divided by 49?
47
What is the remainder when 431610845 is divided by 417?
416
Calculate the remainder when 24650576 is divided by 206.
204
Calculate the remainder when 14504 is divided by 2898.
14
What is the remainder when 14222196 is divided by 340?
336
What is the remainder when 347698 is divided by 16556?
22
Calculate the remainder when 2304408 is divided by 1021.
11
What is the remainder when 229163 is divided by 4490?
173
What is the remainder when 71830338 is divided by 2476908?
6
Calculate the remainder when 1748436 is divided by 18025.
11
Calculate the remainder when 23557 is divided by 2562.
499
Calculate the remainder when 93748346 is divided by 31249448.
2
What is the remainder when 781250 is divided by 398?
374
Calculate the remainder when 46321 is divided by 23131.
59
Calculate the remainder when 1520237 is divided by 33781.
92
Calculate the remainder when 1109714 is divided by 2455.
54
Calculate the remainder when 459825 is divided by 459520.
305
Calculate the remainder when 136075 is divided by 1063.
11
What is the remainder when 2274592 is divided by 53?
44
Calculate the remainder when 47486 is divided by 1901.
1862
What is the remainder when 7182987 is divided by 7182974?
13
What is the remainder when 79202 is divided by 186?
152
Calculate the remainder when 30620666 is divided by 1867.
1866
What is the remainder when 13580 is divided by 12472?
1108
What is the remainder when 21690767 is divided by 4338073?
402
What is the remainder when 2527318 is divided by 90255?
178
What is the remainder when 10096645 is divided by 10096610?
35
What is the remainder when 11104891 is divided by 8381?
66
Calculate the remainder when 10411898 is divided by 6380.
6118
What is the remainder when 156519 is divided by 6943?
3773
What is the remainder when 1402537 is divided by 350544?
361
Calculate the remainder when 4132933 is divided by 319.
288
What is the remainder when 65527 is divided by 7869?
2575
Calculate the remainder when 3256571 is divided by 3256547.
24
Calculate the remainder when 258199 is divided by 3328.
1943
What is the remainder when 9863076 is divided by 1170?
1146
Calculate the remainder when 489247 is divided by 184.
175
Calculate the remainder when 650367 is divided by 325173.
21
Calculate the remainder when 660961 is divided by 7.
0
What is the remainder when 470517 is divided by 500?
17
What is the remainder when 4130914 is divided by 830?
4
Calculate the remainder when 122993 is divided by 508.
57
Calculate the remainder when 673496 is divided by 4287.
437
What is the remainder when 98664 is divided by 802?
18
Calculate the remainder when 157576154 is divided by 67.
60
What is the remainder when 694087 is divided by 665?
492
Calculate the remainder when 25084529 is divided by 317.
2
What is the remainder when 58515757 is divided by 9033?
9016
Calculate the remainder when 4193374 is divided by 352.
350
Calculate the remainder when 562459 is divided by 33085.
14
Calculate the remainder when 15943860 is divided by 59.
54
Calculate the remainder when 995710 is divided by 4100.
3510
Calculate the remainder when 1441677 is divided by 288334.
7
Calculate the remainder when 926695 is divided by 2346.
25
What is the remainder when 379299 is divided by 14029?
516
What is the remainder when 520809 is divided by 102?
99
Calculate the remainder when 119963972 is divided by 21.
2
What is the remainder when 2099511 is divided by 44?
7
Calculate the remainder when 799520 is divided by 32.
0
Calculate the remainder when 259450 is divided by 59.
27
Calculate the remainder when 17975959 is divided by 1324.
11
Calculate the remainder when 5642557 is divided by 216.
205
What is the remainder when 16552239 is divided by 9?
6
Calculate the remainder when 4575724 is divided by 1133.
670
Calculate the remainder when 3430031 is divided by 4.
3
Calculate the remainder when 11943362 is divided by 20735.
2
What is the remainder when 19835736 is divided by 3967035?
561
Calculate the remainder when 114599 is divided by 4558.
649
What is the remainder when 776142 is divided by 146?
6
What is the remainder when 453679 is divided by 90650?
429
Calculate the remainder when 9423869 is divided by 1974.
1967
Calculate the remainder when 572391 is divided by 5697.
2691
What is the remainder when 15179567 is divided by 52?
39
What is the remainder when 436669 is divided by 2744?
373
What is the remainder when 2366944 is divided by 823?
819
What is the remainder when 1064600 is divided by 9099?
17
What is the remainder when 2217247 is divided by 48?
31
Calculate the remainder when 618650 is divided by 63.
53
Calculate the remainder when 348648 is divided by 324.
24
Calculate the remainder when 1340580 is divided by 544.
164
What is the remainder when 30926 is divided by 30437?
489
What is the remainder when 4732517 is divided by 62?
57
What is the remainder when 2063806 is divided by 1166?
1152
What is the remainder when 487949 is divided by 44355?
44
Calculate the remainder when 85114334 is divided by 77.
74
Calculate the remainder when 8934460 is divided by 3689.
3391
What is the remainder when 109295 is divided by 8153?
3306
Calculate the remainder when 508358 is divided by 39103.
19
Calculate the remainder when 168768123 is divided by 3.
0
Calculate the remainder when 1246497 is divided by 1246490.
7
What is the remainder when 462362 is divided by 115571?
78
Calculate the remainder when 165419 is divided by 8153.
2359
Calculate the remainder when 957344326 is divided by 2245.
2241
What is the remainder when 109988178 is divided by 117?
105
Calculate the remainder when 202831674 is divided by 5015.
5014
What is the remainder when 1180621 is divided by 1180619?
2
Calculate the remainder when 22083907 is divided by 309.
295
What is the remainder when 27288 is divided by 3797?
709
What is the remainder when 56236510 is divided by 8?
6
What is the remainder when 24119837 is divided by 295?
47
What is the remainder when 290525249 is divided by 50?
49
Calculate the remainder when 18377 is divided by 1198.
407
What is the remainder when 1055676 is divided by 131943?
132
Calculate the remainder when 230